{"id":607,"date":"2020-06-24T16:32:04","date_gmt":"2020-06-24T14:32:04","guid":{"rendered":"https:\/\/ateliercouleurpapier.fr\/?page_id=607"},"modified":"2023-10-10T22:24:46","modified_gmt":"2023-10-10T20:24:46","slug":"ateliers-origami-marseille","status":"publish","type":"page","link":"https:\/\/ateliercouleurpapier.fr\/?page_id=607","title":{"rendered":"Ateliers d&rsquo;origami"},"content":{"rendered":"\t\t<div data-elementor-type=\"wp-page\" data-elementor-id=\"607\" class=\"elementor elementor-607\">\n\t\t\t\t\t\t<section class=\"elementor-section elementor-top-section elementor-element elementor-element-1b0a5d33 animated-slow elementor-section-boxed elementor-section-height-default elementor-section-height-default elementor-invisible\" data-id=\"1b0a5d33\" data-element_type=\"section\" data-e-type=\"section\" data-settings=\"{&quot;background_background&quot;:&quot;classic&quot;,&quot;animation&quot;:&quot;fadeIn&quot;}\">\n\t\t\t\t\t\t\t<div class=\"elementor-background-overlay\"><\/div>\n\t\t\t\t\t\t\t<div class=\"elementor-container elementor-column-gap-default\">\n\t\t\t\t\t<div class=\"elementor-column elementor-col-100 elementor-top-column elementor-element elementor-element-1f841ba\" data-id=\"1f841ba\" data-element_type=\"column\" data-e-type=\"column\">\n\t\t\t<div class=\"elementor-widget-wrap\">\n\t\t\t\t\t\t\t<\/div>\n\t\t<\/div>\n\t\t\t\t\t<\/div>\n\t\t<\/section>\n\t\t\t\t<section class=\"elementor-section elementor-top-section elementor-element elementor-element-51a454d elementor-section-boxed elementor-section-height-default elementor-section-height-default\" data-id=\"51a454d\" data-element_type=\"section\" data-e-type=\"section\">\n\t\t\t\t\t\t<div class=\"elementor-container elementor-column-gap-default\">\n\t\t\t\t\t<div class=\"elementor-column elementor-col-100 elementor-top-column elementor-element elementor-element-5dba0f6\" data-id=\"5dba0f6\" data-element_type=\"column\" data-e-type=\"column\">\n\t\t\t<div class=\"elementor-widget-wrap elementor-element-populated\">\n\t\t\t\t\t\t<div class=\"elementor-element elementor-element-eb8e622 elementor-widget elementor-widget-heading\" data-id=\"eb8e622\" data-element_type=\"widget\" data-e-type=\"widget\" data-widget_type=\"heading.default\">\n\t\t\t\t<div class=\"elementor-widget-container\">\n\t\t\t\t\t<h1 class=\"elementor-heading-title elementor-size-default\">Nos ateliers d'origami pour petits et grands<\/h1>\t\t\t\t<\/div>\n\t\t\t\t<\/div>\n\t\t\t\t<div class=\"elementor-element elementor-element-05b8e5f elementor-widget elementor-widget-heading\" data-id=\"05b8e5f\" data-element_type=\"widget\" data-e-type=\"widget\" data-widget_type=\"heading.default\">\n\t\t\t\t<div class=\"elementor-widget-container\">\n\t\t\t\t\t<h2 class=\"elementor-heading-title elementor-size-default\">Pourquoi participer \u00e0 un atelier d'origami ? Parce que c'est un art ludique et surtout plein de magie et de po\u00e9sie ! Pli apr\u00e8s pli, une petite feuille de papier carr\u00e9e prend forme et une figure se r\u00e9v\u00e8le sous nos doigts \ud83d\ude42<\/h2>\t\t\t\t<\/div>\n\t\t\t\t<\/div>\n\t\t\t\t<div class=\"elementor-element elementor-element-f83f079 elementor-widget elementor-widget-text-editor\" data-id=\"f83f079\" data-element_type=\"widget\" data-e-type=\"widget\" data-widget_type=\"text-editor.default\">\n\t\t\t\t<div class=\"elementor-widget-container\">\n\t\t\t\t\t\t\t\t\t<p>Lors de nos ateliers d&rsquo;origami vous d\u00e9couvrirez une infinit\u00e9 de mod\u00e8les diff\u00e9rents au gr\u00e9 des saisons, des f\u00eates, des coups de coeur. Ils animeront les jeux de vos enfants ou d\u00e9coreront votre int\u00e9rieur. Quelle que soit l\u2019occasion ou l&rsquo;endroit, ils illumineront votre maison. Et bient\u00f4t, comme moi, vous ne pourrez plus vous en passer !<\/p><p>Que vous en ayez d\u00e9j\u00e0 fait ou non, peu importe. Pour s&rsquo;inscrire \u00e0 nos ateliers, il faut juste avoir la curiosit\u00e9 de d\u00e9couvrir cet art \u00f4 combien fascinant et surprenant.<\/p>\t\t\t\t\t\t\t\t<\/div>\n\t\t\t\t<\/div>\n\t\t\t\t\t<\/div>\n\t\t<\/div>\n\t\t\t\t\t<\/div>\n\t\t<\/section>\n\t\t\t\t<section class=\"elementor-section elementor-top-section elementor-element elementor-element-148e0ac elementor-section-boxed elementor-section-height-default elementor-section-height-default\" data-id=\"148e0ac\" data-element_type=\"section\" data-e-type=\"section\">\n\t\t\t\t\t\t<div class=\"elementor-container elementor-column-gap-default\">\n\t\t\t\t\t<div class=\"elementor-column elementor-col-100 elementor-top-column elementor-element elementor-element-321c1df\" data-id=\"321c1df\" data-element_type=\"column\" data-e-type=\"column\">\n\t\t\t<div class=\"elementor-widget-wrap elementor-element-populated\">\n\t\t\t\t\t\t<section class=\"elementor-section elementor-inner-section elementor-element elementor-element-8294362 elementor-section-boxed elementor-section-height-default elementor-section-height-default\" data-id=\"8294362\" data-element_type=\"section\" data-e-type=\"section\">\n\t\t\t\t\t\t<div class=\"elementor-container elementor-column-gap-default\">\n\t\t\t\t\t<div class=\"elementor-column elementor-col-50 elementor-inner-column elementor-element elementor-element-01d3258 elementor-invisible\" data-id=\"01d3258\" data-element_type=\"column\" data-e-type=\"column\" data-settings=\"{&quot;background_background&quot;:&quot;classic&quot;,&quot;animation&quot;:&quot;zoomIn&quot;}\">\n\t\t\t<div class=\"elementor-widget-wrap elementor-element-populated\">\n\t\t\t\t\t\t<div class=\"elementor-element elementor-element-6af3b4d elementor-widget elementor-widget-heading\" data-id=\"6af3b4d\" data-element_type=\"widget\" data-e-type=\"widget\" data-widget_type=\"heading.default\">\n\t\t\t\t<div class=\"elementor-widget-container\">\n\t\t\t\t\t<h2 class=\"elementor-heading-title elementor-size-default\"><a href=\"https:\/\/ateliercouleurpapier.fr\/?page_id=591\">Ateliers d'origami pour enfants<\/a><\/h2>\t\t\t\t<\/div>\n\t\t\t\t<\/div>\n\t\t\t\t\t<\/div>\n\t\t<\/div>\n\t\t\t\t<div class=\"elementor-column elementor-col-50 elementor-inner-column elementor-element elementor-element-a471d9f elementor-invisible\" data-id=\"a471d9f\" data-element_type=\"column\" data-e-type=\"column\" data-settings=\"{&quot;background_background&quot;:&quot;classic&quot;,&quot;animation&quot;:&quot;zoomIn&quot;}\">\n\t\t\t<div class=\"elementor-widget-wrap elementor-element-populated\">\n\t\t\t\t\t\t<div class=\"elementor-element elementor-element-a6825f3 elementor-widget elementor-widget-heading\" data-id=\"a6825f3\" data-element_type=\"widget\" data-e-type=\"widget\" data-widget_type=\"heading.default\">\n\t\t\t\t<div class=\"elementor-widget-container\">\n\t\t\t\t\t<h2 class=\"elementor-heading-title elementor-size-default\"><a href=\"https:\/\/ateliercouleurpapier.fr\/?page_id=1134\">Ateliers d'origami pour adultes<\/a><\/h2>\t\t\t\t<\/div>\n\t\t\t\t<\/div>\n\t\t\t\t\t<\/div>\n\t\t<\/div>\n\t\t\t\t\t<\/div>\n\t\t<\/section>\n\t\t\t\t<div class=\"elementor-element elementor-element-45dade0 elementor-mobile-align-center elementor-align-center elementor-widget elementor-widget-button\" data-id=\"45dade0\" data-element_type=\"widget\" data-e-type=\"widget\" data-widget_type=\"button.default\">\n\t\t\t\t<div class=\"elementor-widget-container\">\n\t\t\t\t\t\t\t\t\t<div class=\"elementor-button-wrapper\">\n\t\t\t\t\t<a class=\"elementor-button elementor-button-link elementor-size-sm\" href=\"https:\/\/ateliercouleurpapier.fr\/?page_id=83\">\n\t\t\t\t\t\t<span class=\"elementor-button-content-wrapper\">\n\t\t\t\t\t\t\t\t\t<span class=\"elementor-button-text\">Contact<\/span>\n\t\t\t\t\t<\/span>\n\t\t\t\t\t<\/a>\n\t\t\t\t<\/div>\n\t\t\t\t\t\t\t\t<\/div>\n\t\t\t\t<\/div>\n\t\t\t\t\t<\/div>\n\t\t<\/div>\n\t\t\t\t\t<\/div>\n\t\t<\/section>\n\t\t\t\t<\/div>\n\t\t","protected":false},"excerpt":{"rendered":"<p>Nos ateliers d&rsquo;origami pour petits et grands Pourquoi participer \u00e0 un atelier d&rsquo;origami ? Parce que c&rsquo;est un art ludique et surtout plein de magie et de po\u00e9sie ! Pli apr\u00e8s pli, une petite feuille de papier carr\u00e9e prend forme et une figure se r\u00e9v\u00e8le sous nos doigts \ud83d\ude42 Lors de nos ateliers d&rsquo;origami vous [&hellip;]<\/p>\n","protected":false},"author":1,"featured_media":0,"parent":0,"menu_order":0,"comment_status":"closed","ping_status":"closed","template":"","meta":{"site-sidebar-layout":"no-sidebar","site-content-layout":"page-builder","ast-site-content-layout":"","site-content-style":"default","site-sidebar-style":"default","ast-global-header-display":"","ast-banner-title-visibility":"","ast-main-header-display":"","ast-hfb-above-header-display":"","ast-hfb-below-header-display":"","ast-hfb-mobile-header-display":"","site-post-title":"disabled","ast-breadcrumbs-content":"","ast-featured-img":"","footer-sml-layout":"","theme-transparent-header-meta":"enabled","adv-header-id-meta":"","stick-header-meta":"","header-above-stick-meta":"","header-main-stick-meta":"","header-below-stick-meta":"","astra-migrate-meta-layouts":"default","ast-page-background-enabled":"default","ast-page-background-meta":{"desktop":{"background-color":"","background-image":"","background-repeat":"repeat","background-position":"center center","background-size":"auto","background-attachment":"scroll","background-type":"","background-media":"","overlay-type":"","overlay-color":"","overlay-opacity":"","overlay-gradient":""},"tablet":{"background-color":"","background-image":"","background-repeat":"repeat","background-position":"center center","background-size":"auto","background-attachment":"scroll","background-type":"","background-media":"","overlay-type":"","overlay-color":"","overlay-opacity":"","overlay-gradient":""},"mobile":{"background-color":"","background-image":"","background-repeat":"repeat","background-position":"center center","background-size":"auto","background-attachment":"scroll","background-type":"","background-media":"","overlay-type":"","overlay-color":"","overlay-opacity":"","overlay-gradient":""}},"ast-content-background-meta":{"desktop":{"background-color":"var(--ast-global-color-5)","background-image":"","background-repeat":"repeat","background-position":"center center","background-size":"auto","background-attachment":"scroll","background-type":"","background-media":"","overlay-type":"","overlay-color":"","overlay-opacity":"","overlay-gradient":""},"tablet":{"background-color":"var(--ast-global-color-5)","background-image":"","background-repeat":"repeat","background-position":"center center","background-size":"auto","background-attachment":"scroll","background-type":"","background-media":"","overlay-type":"","overlay-color":"","overlay-opacity":"","overlay-gradient":""},"mobile":{"background-color":"var(--ast-global-color-5)","background-image":"","background-repeat":"repeat","background-position":"center center","background-size":"auto","background-attachment":"scroll","background-type":"","background-media":"","overlay-type":"","overlay-color":"","overlay-opacity":"","overlay-gradient":""}},"footnotes":""},"class_list":["post-607","page","type-page","status-publish","hentry"],"yoast_head":"<!-- This site is optimized with the Yoast SEO plugin v27.3 - https:\/\/yoast.com\/product\/yoast-seo-wordpress\/ -->\n<title>Ateliers d&#039;origami - Atelier couleur papier - Marseille<\/title>\n<meta name=\"description\" content=\"Voici nos ateliers d&#039;origami pour petits et grands, venez d\u00e9couvrir cet art ludique, magique et po\u00e9tique !\" \/>\n<meta name=\"robots\" content=\"index, follow, max-snippet:-1, max-image-preview:large, max-video-preview:-1\" \/>\n<link rel=\"canonical\" href=\"https:\/\/ateliercouleurpapier.fr\/?page_id=607\" \/>\n<meta property=\"og:locale\" content=\"fr_FR\" \/>\n<meta property=\"og:type\" content=\"article\" \/>\n<meta property=\"og:title\" content=\"Ateliers d&#039;origami - Atelier couleur papier - Marseille\" \/>\n<meta property=\"og:description\" content=\"Voici nos ateliers d&#039;origami pour petits et grands, venez d\u00e9couvrir cet art ludique, magique et po\u00e9tique !\" \/>\n<meta property=\"og:url\" content=\"https:\/\/ateliercouleurpapier.fr\/?page_id=607\" \/>\n<meta property=\"og:site_name\" content=\"Atelier couleur papier\" \/>\n<meta property=\"article:publisher\" content=\"https:\/\/www.facebook.com\/ateliercouleurpapier\/\" \/>\n<meta property=\"article:modified_time\" content=\"2023-10-10T20:24:46+00:00\" \/>\n<meta name=\"twitter:card\" content=\"summary_large_image\" \/>\n<meta name=\"twitter:label1\" content=\"Dur\u00e9e de lecture estim\u00e9e\" \/>\n\t<meta name=\"twitter:data1\" content=\"1 minute\" \/>\n<script type=\"application\/ld+json\" class=\"yoast-schema-graph\">{\"@context\":\"https:\\\/\\\/schema.org\",\"@graph\":[{\"@type\":\"WebPage\",\"@id\":\"https:\\\/\\\/ateliercouleurpapier.fr\\\/?page_id=607\",\"url\":\"https:\\\/\\\/ateliercouleurpapier.fr\\\/?page_id=607\",\"name\":\"Ateliers d'origami - Atelier couleur papier - Marseille\",\"isPartOf\":{\"@id\":\"https:\\\/\\\/ateliercouleurpapier.fr\\\/#website\"},\"datePublished\":\"2020-06-24T14:32:04+00:00\",\"dateModified\":\"2023-10-10T20:24:46+00:00\",\"description\":\"Voici nos ateliers d'origami pour petits et grands, venez d\u00e9couvrir cet art ludique, magique et po\u00e9tique !\",\"breadcrumb\":{\"@id\":\"https:\\\/\\\/ateliercouleurpapier.fr\\\/?page_id=607#breadcrumb\"},\"inLanguage\":\"fr-FR\",\"potentialAction\":[{\"@type\":\"ReadAction\",\"target\":[\"https:\\\/\\\/ateliercouleurpapier.fr\\\/?page_id=607\"]}]},{\"@type\":\"BreadcrumbList\",\"@id\":\"https:\\\/\\\/ateliercouleurpapier.fr\\\/?page_id=607#breadcrumb\",\"itemListElement\":[{\"@type\":\"ListItem\",\"position\":1,\"name\":\"Accueil\",\"item\":\"https:\\\/\\\/ateliercouleurpapier.fr\\\/\"},{\"@type\":\"ListItem\",\"position\":2,\"name\":\"Ateliers d&rsquo;origami\"}]},{\"@type\":\"WebSite\",\"@id\":\"https:\\\/\\\/ateliercouleurpapier.fr\\\/#website\",\"url\":\"https:\\\/\\\/ateliercouleurpapier.fr\\\/\",\"name\":\"Atelier couleur papier\",\"description\":\"\",\"potentialAction\":[{\"@type\":\"SearchAction\",\"target\":{\"@type\":\"EntryPoint\",\"urlTemplate\":\"https:\\\/\\\/ateliercouleurpapier.fr\\\/?s={search_term_string}\"},\"query-input\":{\"@type\":\"PropertyValueSpecification\",\"valueRequired\":true,\"valueName\":\"search_term_string\"}}],\"inLanguage\":\"fr-FR\"}]}<\/script>\n<!-- \/ Yoast SEO plugin. -->","yoast_head_json":{"title":"Ateliers d'origami - Atelier couleur papier - Marseille","description":"Voici nos ateliers d'origami pour petits et grands, venez d\u00e9couvrir cet art ludique, magique et po\u00e9tique !","robots":{"index":"index","follow":"follow","max-snippet":"max-snippet:-1","max-image-preview":"max-image-preview:large","max-video-preview":"max-video-preview:-1"},"canonical":"https:\/\/ateliercouleurpapier.fr\/?page_id=607","og_locale":"fr_FR","og_type":"article","og_title":"Ateliers d'origami - Atelier couleur papier - Marseille","og_description":"Voici nos ateliers d'origami pour petits et grands, venez d\u00e9couvrir cet art ludique, magique et po\u00e9tique !","og_url":"https:\/\/ateliercouleurpapier.fr\/?page_id=607","og_site_name":"Atelier couleur papier","article_publisher":"https:\/\/www.facebook.com\/ateliercouleurpapier\/","article_modified_time":"2023-10-10T20:24:46+00:00","twitter_card":"summary_large_image","twitter_misc":{"Dur\u00e9e de lecture estim\u00e9e":"1 minute"},"schema":{"@context":"https:\/\/schema.org","@graph":[{"@type":"WebPage","@id":"https:\/\/ateliercouleurpapier.fr\/?page_id=607","url":"https:\/\/ateliercouleurpapier.fr\/?page_id=607","name":"Ateliers d'origami - Atelier couleur papier - Marseille","isPartOf":{"@id":"https:\/\/ateliercouleurpapier.fr\/#website"},"datePublished":"2020-06-24T14:32:04+00:00","dateModified":"2023-10-10T20:24:46+00:00","description":"Voici nos ateliers d'origami pour petits et grands, venez d\u00e9couvrir cet art ludique, magique et po\u00e9tique !","breadcrumb":{"@id":"https:\/\/ateliercouleurpapier.fr\/?page_id=607#breadcrumb"},"inLanguage":"fr-FR","potentialAction":[{"@type":"ReadAction","target":["https:\/\/ateliercouleurpapier.fr\/?page_id=607"]}]},{"@type":"BreadcrumbList","@id":"https:\/\/ateliercouleurpapier.fr\/?page_id=607#breadcrumb","itemListElement":[{"@type":"ListItem","position":1,"name":"Accueil","item":"https:\/\/ateliercouleurpapier.fr\/"},{"@type":"ListItem","position":2,"name":"Ateliers d&rsquo;origami"}]},{"@type":"WebSite","@id":"https:\/\/ateliercouleurpapier.fr\/#website","url":"https:\/\/ateliercouleurpapier.fr\/","name":"Atelier couleur papier","description":"","potentialAction":[{"@type":"SearchAction","target":{"@type":"EntryPoint","urlTemplate":"https:\/\/ateliercouleurpapier.fr\/?s={search_term_string}"},"query-input":{"@type":"PropertyValueSpecification","valueRequired":true,"valueName":"search_term_string"}}],"inLanguage":"fr-FR"}]}},"_links":{"self":[{"href":"https:\/\/ateliercouleurpapier.fr\/index.php?rest_route=\/wp\/v2\/pages\/607","targetHints":{"allow":["GET"]}}],"collection":[{"href":"https:\/\/ateliercouleurpapier.fr\/index.php?rest_route=\/wp\/v2\/pages"}],"about":[{"href":"https:\/\/ateliercouleurpapier.fr\/index.php?rest_route=\/wp\/v2\/types\/page"}],"author":[{"embeddable":true,"href":"https:\/\/ateliercouleurpapier.fr\/index.php?rest_route=\/wp\/v2\/users\/1"}],"replies":[{"embeddable":true,"href":"https:\/\/ateliercouleurpapier.fr\/index.php?rest_route=%2Fwp%2Fv2%2Fcomments&post=607"}],"version-history":[{"count":446,"href":"https:\/\/ateliercouleurpapier.fr\/index.php?rest_route=\/wp\/v2\/pages\/607\/revisions"}],"predecessor-version":[{"id":16037,"href":"https:\/\/ateliercouleurpapier.fr\/index.php?rest_route=\/wp\/v2\/pages\/607\/revisions\/16037"}],"wp:attachment":[{"href":"https:\/\/ateliercouleurpapier.fr\/index.php?rest_route=%2Fwp%2Fv2%2Fmedia&parent=607"}],"curies":[{"name":"wp","href":"https:\/\/api.w.org\/{rel}","templated":true}]}}